ided by 1663.
43
What is the remainder when 31550 is divided by 92?
86
Calculate the remainder when 8111 is divided by 2010.
71
Calculate the remainder when 16099 is divided by 20.
19
What is the remainder when 2286 is divided by 579?
549
Calculate the remainder when 40553 is divided by 20273.
7
What is the remainder when 16932 is divided by 28?
20
What is the remainder when 471311 is divided by 47?
42
What is the remainder when 2530 is divided by 151?
114
Calculate the remainder when 3639 is divided by 905.
19
Calculate the remainder when 1063937 is divided by 72.
65
Calculate the remainder when 28508 is divided by 396.
392
Calculate the remainder when 99234 is divided by 12395.
74
Calculate the remainder when 15995 is divided by 5308.
71
What is the remainder when 247 is divided by 123?
1
What is the remainder when 784799 is divided by 225?
224
What is the remainder when 620 is divided by 66?
26
What is the remainder when 1788 is divided by 477?
357
Calculate the remainder when 12711 is divided by 1110.
501
Calculate the remainder when 49870 is divided by 261.
19
Calculate the remainder when 609750 is divided by 68.
62
What is the remainder when 60041 is divided by 256?
137
Calculate the remainder when 4731 is divided by 108.
87
What is the remainder when 6601 is divided by 43?
22
Calculate the remainder when 25116 is divided by 201.
192
Calculate the remainder when 9535 is divided by 55.
20
Calculate the remainder when 19445 is divided by 256.
245
What is the remainder when 1416 is divided by 155?
21
What is the remainder when 42084 is divided by 585?
549
Calculate the remainder when 77264 is divided by 14.
12
Calculate the remainder when 54479 is divided by 6808.
15
Calculate the remainder when 4988 is divided by 76.
48
Calculate the remainder when 48170 is divided by 203.
59
What is the remainder when 1274410 is divided by 637183?
44
What is the remainder when 465158 is divided by 145?
143
Calculate the remainder when 62830 is divided by 134.
118
What is the remainder when 7477 is divided by 253?
140
Calculate the remainder when 21306 is divided by 158.
134
What is the remainder when 19880 is divided by 6560?
200
Calculate the remainder when 1455 is divided by 235.
45
What is the remainder when 963 is divided by 246?
225
Calculate the remainder when 531262 is divided by 109.
105
Calculate the remainder when 373047 is divided by 399.
381
What is the remainder when 6537282 is divided by 53?
50
Calculate the remainder when 804 is divided by 47.
5
Calculate the remainder when 137253 is divided by 68626.
1
What is the remainder when 735 is divided by 667?
68
What is the remainder when 1071 is divided by 253?
59
What is the remainder when 81555 is divided by 8155?
5
What is the remainder when 163066 is divided by 321?
319
Calculate the remainder when 46032 is divided by 422.
34
Calculate the remainder when 309548 is divided by 410.
408
What is the remainder when 5496899 is divided by 753?
752
Calculate the remainder when 34861 is divided by 1515.
16
Calculate the remainder when 359 is divided by 139.
81
Calculate the remainder when 63867 is divided by 261.
183
What is the remainder when 38718 is divided by 110?
108
What is the remainder when 3183 is divided by 24?
15
Calculate the remainder when 29588 is divided by 108.
104
What is the remainder when 24625 is divided by 346?
59
What is the remainder when 102224 is divided by 48?
32
What is the remainder when 389402 is divided by 9?
8
Calculate the remainder when 45842 is divided by 777.
776
What is the remainder when 36572 is divided by 333?
275
What is the remainder when 4115 is divided by 77?
34
What is the remainder when 3172 is divided by 1525?
122
Calculate the remainder when 78481 is divided by 7133.
18
Calculate the remainder when 7150 is divided by 683.
320
What is the remainder when 2763 is divided by 393?
12
What is the remainder when 159123 is divided by 884?
3
Calculate the remainder when 1091 is divided by 539.
13
Calculate the remainder when 37191 is divided by 262.
249
Calculate the remainder when 8315 is divided by 1383.
17
Calculate the remainder when 4482 is divided by 499.
490
What is the remainder when 3706 is divided by 1726?
254
Calculate the remainder when 1087 is divided by 29.
14
What is the remainder when 124812 is divided by 51?
15
What is the remainder when 81968 is divided by 27277?
137
What is the remainder when 3387 is divided by 344?
291
Calculate the remainder when 10403 is divided by 4660.
1083
What is the remainder when 189 is divided by 167?
22
What is the remainder when 4857 is divided by 45?
42
What is the remainder when 73483 is divided by 3668?
123
Calculate the remainder when 726000 is divided by 81.
78
What is the remainder when 11780 is divided by 119?
118
What is the remainder when 3974 is divided by 3872?
102
What is the remainder when 68673 is divided by 205?
203
What is the remainder when 54675 is divided by 18223?
6
What is the remainder when 627 is divided by 195?
42
What is the remainder when 3173 is divided by 197?
21
What is the remainder when 476480 is divided by 238237?
6
What is the remainder when 341240 is divided by 29?
26
Calculate the remainder when 41688 is divided by 11.
9
What is the remainder when 22906 is divided by 65?
26
Calculate the remainder when 2328799 is divided by 71.
70
Calculate the remainder when 1962585 is divided by 231.
9
Calculate the remainder when 44385 is divided by 1474.
165
Calculate the remainder when 16185 is divided by 16042.
143
Calculate the remainder when 63054 is divided by 76.
50
Calculate the remainder when 674968 is divided by 1298.
8
Calculate the remainder when 8542 is divided by 4265.
12
What is the remainder when 981 is divided by 45?
36
Calculate the remainder when 1419 is divided by 97.
61
What is the remainder when 2803 is divided by 771?
490
What is the remainder when 30260 is divided by 432?
20
Calculate the remainder when 575719 is divided by 40.
39
What is the remainder when 3398 is divided by 1021?
335
What is the remainder when 29611 is divided by 846?
1
What is the remainder when 13618 is divided by 109?
102
What is the remainder when 3241 is divided by 667?
573
Calculate the remainder when 216 is divided by 11.
7
Calculate the remainder when 177860 is divided by 885.
860
Calculate the remainder when 135235 is divided by 103.
99
Calculate the remainder when 6170 is divided by 55.
10
What is the remainder when 124008 is divided by 87?
33
Calculate the remainder when 199916 is divided by 99941.
34
What is the remainder when 2350138 is divided by 138?
136
Calculate the remainder when 118622 is divided by 176.
174
Calculate the remainder when 3171 is divided by 291.
261
Calculate the remainder when 370 is divided by 53.
52
Calculate the remainder when 859 is divided by 198.
67
Calculate the remainder when 11201 is divided by 390.
281
Calculate the remainder when 8637 is divided by 228.
201
What is the remainder when 108261 is divided by 36032?
165
What is the remainder when 51927 is divided by 12?
3
Calculate the remainder when 1016 is divided by 140.
36
Calculate the remainder when 31641 is divided by 15816.
9
What is the remainder when 10544 is divided by 37?
36
Calculate the remainder when 4441 is divided by 88.
41
What is the remainder when 1644 is divided by 192?
108
Calculate the remainder when 1243 is divided by 585.
73
Calculate the remainder when 50398 is divided by 560.
558
Calculate the remainder when 13590 is divided by 317.
276
What is the remainder when 125398 is divided by 76?
74
What is the remainder when 1640 is divided by 12?
8
Calculate the remainder when 5353918 is divided by 99.
97
Calculate the remainder when 444443 is divided by 10840.
3
What is the remainder when 1771483 is divided by 16?
11
Calculate the remainder when 30622 is divided by 51.
22
Calculate the remainder when 9923 is divided by 9912.
11
What is the remainder when 5412 is divided by 1142?
844
What is the remainder when 5339454 is divided by 16?
14
What is the remainder when 24167 is divided by 735?
647
Calculate the remainder when 669472 is divided by 37.
31
Calculate the remainder when 18819 is divided by 18812.
7
Calculate the remainder when 14961 is divided by 4.
1
Calculate the remainder when 5